divisor of z and 66.
22
Let q be ((-64)/3)/(2/(-210)). Suppose -5*t - s + q = -4*s, -3*s = 3*t - 1344. Suppose -t = -5*j + 2. What is the highest common factor of 18 and j?
18
Let x = 480 + -471. Let j be ((891/x)/9)/((-3)/(-6)). What is the greatest common factor of j and 4?
2
Let r be 150/4 + 45/(-30). What is the greatest common divisor of r and 28?
4
Suppose 2*s = -12*m + 16*m - 808, -7*s = 4*m - 808. What is the highest common factor of m and 3535?
101
Suppose -66 = 2*j - 5*j. Let s = -860 - -864. Calculate the greatest common divisor of j and s.
2
Let u(z) = 3*z**3 + 25*z**2 + 5*z + 8. Let j(m) = -2*m**3 - m - 8. Let q be j(0). Let x be u(q). Calculate the greatest common factor of x and 4.
4
Suppose 7*u = 4*u - 6, 0 = 3*k - 2*u - 34. Let r be (-286)/(-130) - 2/k. What is the highest common factor of r and 2?
2
Suppose 635 = -d + 140. Let u = d + 742. Calculate the greatest common factor of 19 and u.
19
Let t = -22 + 34. Let s be 1*((-546)/35*-5 - -1). Suppose -t = s*n - 80*n. What is the greatest common factor of n and 156?
12
Suppose 0*x + 107055 = 16*x - 77217. What is the highest common divisor of x and 33?
33
Let f be 2/(1/(-6) + 155/558). Let s be (-15)/(-4) - (-1)/4. Suppose -z - s*z = -270. What is the highest common factor of z and f?
18
Let o(w) = -w**3 - 10*w**2 - 8*w - 40. Let q(p) = -p**2 + 10*p - 10. Let c be q(10). Let z be o(c). Calculate the highest common divisor of 100 and z.
20
Let d = 3181 - 3010. What is the highest common factor of 1235 and d?
19
Let b = 24855 + -23383. Calculate the highest common factor of 5704 and b.
184
Suppose 5*g = 3*b - 8 - 9, -2*b + 28 = 5*g. Calculate the greatest common factor of g and 461.
1
Suppose c - 1957 = -4*f, 3*f = 20*c - 21*c + 1469. Calculate the greatest common divisor of 8 and f.
8
Let s(w) = 2*w**2 + 43*w - 22. Let j be s(-22). Suppose 0 = 2*p - 5*r + 9*r - 40, 4*p + 5*r - 71 = j. What is the highest common factor of 14 and p?
14
Let w(g) = -21*g + 27. Let x be w(13). Let o = -148 - x. Let q = o + -52. Calculate the greatest common divisor of q and 23.
23
Let b(a) be the first derivative of 17*a**2 - 18*a - 23. Let k be b(12). Suppose -10*s = -15*s + k. What is the greatest common factor of 52 and s?
26
Let c = -13 + 19. Let g be 50/30*(-15534)/(-15). Suppose 1462 - g = -4*t. What is the greatest common divisor of t and c?
6
Suppose 2*w + 4*v + 15 - 9 = 0, 12 = w - 3*v. Let q be 30*(-4 + (-22)/(-4)) - w. Calculate the highest common factor of 294 and q.
42
Suppose 3036 = -238*p + 307*p. Suppose -280 = -2*t + 732. Calculate the greatest common divisor of t and p.
22
Suppose 12*n - 7*n + 4*b = 178, -2*b - 6 = 0. What is the greatest common divisor of n and 1862?
38
Let o(m) = 27*m + 117. Let d be o(-4). Suppose n + 3 = 4. Let c(b) = b. Let z be c(n). Calculate the highest common factor of z and d.
1
Let p be 11/22*(5 + 3). Let b be p*1*(-8 + 2 - -46). Let g = -59 - -99. Calculate the greatest common divisor of g and b.
40
Let l = 4901 + -4217. Let r(y) = 19*y. Let h be r(4). Calculate the greatest common divisor of h and l.
76
Let n be 5 - (-8 + 37) - 3. Let g(k) = -k**3 - 28*k**2 - 30*k - 22. Let d be g(n). Calculate the greatest common divisor of d and 295.
59
Let w be (-4 + 2)/(6/39). Let t(j) = -3*j - 28. Let r be t(w). Let i = r - -1. What is the highest common divisor of 60 and i?
12
Let w(j) = j + 2. Let o(g) = -2*g - 2. Let s(h) = 5*o(h) + 4*w(h). Suppose 62 = 10*y + 132. Let l be s(y). What is the highest common factor of 10 and l?
10
Let v = -42 - -39. Let f be v - -1 - (-7 + 2). Suppose -327 + 84 = -5*a - f*q, -195 = -4*a - 3*q. Calculate the highest common divisor of a and 6.
6
Let y(f) = 2*f**2 + 11*f + 31. Suppose q + 3*q = -12. Let p be y(q). Calculate the greatest common factor of p and 2.
2
Let o(p) = 2*p**2 - 22*p + 12. Let r(c) = c**2 - c - 8. Let s be r(-4). Let f be o(s). Let m be f/15*50/2. What is the greatest common factor of 40 and m?
20
Suppose 22 = v - r - 2, 4*v = 7*r + 84. Calculate the greatest common divisor of 756 and v.
28
Let y = -10423 - -10450. What is the greatest common divisor of 45522 and y?
27
Let f = 1401 - 1386. Calculate the greatest common divisor of f and 1695.
15
Let i(d) = 128*d - 2. Let r be i(4). Let p(u) = -13*u + 925. Let s be p(70). What is the highest common factor of s and r?
15
Let k(r) = r**3 - 50*r**2 - 153*r - 84. Let g be k(53). Calculate the highest common divisor of 1326 and g.
78
Let s be ((-2717)/429)/((-1)/6). Calculate the greatest common factor of s and 1102.
38
Suppose 4*i + 76 = 4*u, 4*u - 3*i - 106 + 34 = 0. Suppose 20*c - 350 = u*c. Let h = c + -49. What is the highest common divisor of h and 231?
21
Let n be 638547/4914 - (-1)/18. What is the greatest common factor of n and 78?
26
Let q(a) be the second derivative of -29*a**5/20 + 3*a. Let b be q(-1). Let z be 1035/4 + 666/296. Calculate the highest common factor of z and b.
29
Let x(v) = 212*v**2 - 144*v + 105. Let b be x(6). What is the highest common divisor of b and 87?
87
Let a = -486 - -477. Let d be ((-30)/a)/((-20)/(-120)). Calculate the greatest common factor of 740 and d.
20
Let z(n) = -1030*n - 955. Let d be z(-1). What is the highest common divisor of 12175 and d?
25
Suppose 522*n - 21888 = 408*n. What is the highest common factor of n and 84?
12
Let y(i) = 137*i**3 - 5 + 2 - i + 1. Let a be y(-2). Let f be (-1)/10*-2 + a/(-20). What is the highest common divisor of 11 and f?
11
Let k be (-2 + 57)/(11/88). Suppose -6*o - 224 = -k. What is the greatest common factor of o and 132?
12
Let b be ((-120)/100)/(41/(-10) - -4). Suppose 0*d - 2*d - 2 = 0. Let u = 5 - d. Calculate the highest common factor of u and b.
6
Let d be 27/((-3)/6*-3). Let m be (-30)/7 - -4 - 634/(-14). Suppose -4*g = -m - 243. Calculate the highest common divisor of g and d.
18
Let v(y) = 6*y**3 - 11*y**2 + 4*y + 31. Let a be v(4). Suppose 5*u + 4*g = 518, 0*u - 5*g = -2*u + 194. Calculate the greatest common factor of a and u.
51
Let m be 141*32/240*(-3)/6*-130. Calculate the highest common divisor of 26 and m.
26
Let h(w) = -w**3 + 25*w**2 + 39*w - 257. Let z be h(26). Calculate the highest common divisor of z and 15.
3
Suppose -4*z = -l + 148, -62*l + 59*l = -3*z - 453. Suppose -2*m - 152 = -4*m. What is the highest common divisor of l and m?
76
Let g = 539 - 371. Suppose -5*v + 3*m + 563 = 0, -5*m = -0 + 5. What is the greatest common factor of g and v?
56
Suppose -2*o + 18 = -0*k + 4*k, 2*k + 16 = 4*o. Suppose -3*c = -3*l - 162, -3*l + k = 3*c - 160. Calculate the greatest common divisor of 162 and c.
54
Suppose -39*y + 516 = 47*y. Calculate the greatest common divisor of 17322 and y.
6
Suppose j + 136 = 5*j. Let z(g) = g**2 + 4*g - 638. Let p be z(24). What is the highest common divisor of j and p?
34
Suppose -b = 6*c - 1789, -24*b + 21*b + 5445 = 5*c. Calculate the highest common factor of b and 100.
25
Suppose 3*j = -4*r + 104, -3*r - 69 = 1103*j - 1106*j. What is the greatest common factor of 7000 and j?
28
Let a = -25 + 46. Suppose -109*x = -104*x - 10. Let l be ((-35)/10 - -5)*x. What is the highest common divisor of l and a?
3
Let i(q) = 305*q - 4155. Let p be i(14). What is the highest common factor of 36340 and p?
115
Let b = -81 + 129. Let v = 46 + -27. Let u(o) = -o**3 + 20*o**2 - 19*o + 6. Let j be u(v). Calculate the greatest common factor of j and b.
6
Suppose -3*r = -4*v + v + 72, -4*r = 20. Suppose -v*s + 9*s = -320. What is the greatest common factor of 48 and s?
16
Let p be 56 - -2*3/6. Let z(a) = 3*a**2 - 4*a - 1. Let b(v) = v**2 + 20*v - 24. Let c be b(-21). Let d be z(c). What is the greatest common factor of p and d?
19
Suppose -x = 3*b - 3702, x + 12*b = 13*b + 3678. What is the greatest common divisor of 12 and x?
12
Let t be (3/((-3)/2))/(-4 - (-12)/4). Calculate the highest common factor of 1968 and t.
2
Let v = 83 - 27. Let f be ((-24)/15)/(16/(-4760)). What is the greatest common divisor of f and v?
28
Let f = -16210 + 16408. What is the greatest common factor of 46 and f?
2
Let h be (202*6/12)/(1/2). Suppose -3*x + 4*x - h = -3*u, 0 = -5*u - 2*x + 336. Calculate the highest common divisor of 4 and u.
4
Suppose 133 = 5*p - 82. What is the highest common divisor of 2881 and p?
43
Suppose 3*f - 55 - 138 = 4*b, 3*b = -f + 86. What is the highes